
{"id":1175,"date":"2009-11-30T06:50:04","date_gmt":"2009-11-30T09:50:04","guid":{"rendered":"http:\/\/old.grupoescoteirojabuti.org.br\/?page_id=1175"},"modified":"2009-12-17T14:19:07","modified_gmt":"2009-12-17T17:19:07","slug":"cancoes-escoteiras","status":"publish","type":"page","link":"https:\/\/old.grupoescoteirojabuti.org.br\/index.php\/canto-do-curioso\/cancoes-escoteiras\/","title":{"rendered":"CAN\u00c7\u00d5ES ESCOTEIRAS"},"content":{"rendered":"<h3>Acampei l\u00e1 na Montanha<\/h3>\n<p>[audio:http:\/\/old.grupoescoteirojabuti.org.br\/audio\/Acampei la na montanha.mp3]<br \/>\nAcampei l\u00e1 na montanha&#8230;De manh\u00e3 fiz meu caf\u00e9,<br \/>\nArrumei minha mochila e toquei pr\u00e1 frente a p\u00e9.<br \/>\nComo \u00e9 bom viver acampando assim,<br \/>\nvendo o sol no horizonte nascer.<br \/>\nVale a pena ter um grande ideal e por ele lutar e vencer.<\/p>\n<h3>Hino Alerta &#8211; Rataplan<\/h3>\n<p>[audio:http:\/\/old.grupoescoteirojabuti.org.br\/audio\/Hino alerta &#8211; Rataplan.mp3]<br \/>\nUm, dois \u2013 Um, dois<br \/>\nRataplan \u2013 do arrebol! Escoteiros v\u00eade a luz!<br \/>\nRataplan \u2013 olhai sol do Brasil que nos conduz!<br \/>\nAlerta! Oh! Escoteiros do Brasil \u2013 Alerta!<br \/>\nErguei para o ideal os cora\u00e7\u00f5es em flor!<br \/>\nA mocidade, ao sol da P\u00e1tria, j\u00e1 desperta!<br \/>\n\u00c0 P\u00e1tria consagrai o vosso eterno amor!<br \/>\nPor entre densos bosques e verg\u00e9is floridos,<br \/>\nEcoem as nossas vozes de alegria intensa<br \/>\nE pelos campos fora, em c\u00e2nticos sentidos,<br \/>\nRessoe um hino ovante \u00e0 nossa P\u00e1tria imensa.<br \/>\nAlerta! Alerta! Sempre alerta!<br \/>\nUm, dois \u2013 Um, dois<br \/>\nRataplan \u2013 do arrebol! Escoteiros v\u00eade a luz!<br \/>\nRataplan \u2013 olhai sol do Brasil que nos conduz!<br \/>\nUnindo o passo firme \u00e0 trilha do dever,<br \/>\ntendo um Brasil feliz por nosso escopo e norte,<br \/>\nfa\u00e7amos o futuro, em flores, antever<br \/>\na nova gera\u00e7\u00e3o jovial, confiante e forte.<br \/>\nMas, se algum dia, acaso, a P\u00e1tria estremecida<br \/>\nde s\u00fabito bradar: Alerta! Oh! Escoteiros<br \/>\nAlerta \u2013 respondendo \u2013 \u00e0 P\u00e1tria, nossas vidas<br \/>\ne as almas, entregar iremos, prazenteiros.<br \/>\nAlerta! Alerta! Sempre alerta!<br \/>\nUm, dois \u2013 Um, dois<br \/>\nRataplan \u2013 do arrebol! Escoteiros v\u00eade a luz!<br \/>\nRataplan \u2013 Olhai sol do Brasil que nos conduz!<\/p>\n<h3>Quero ficar aqui<\/h3>\n<p>[audio:http:\/\/old.grupoescoteirojabuti.org.br\/audio\/Quero ficar aqui.mp3]<br \/>\nHum! hum! Quero ficar aqui!<br \/>\nHum! hum! Mais um pouquinho s\u00f3!<br \/>\nHum! hum! Mais um pouquinho com voc\u00ea!<br \/>\nHum! hum! A noite vem, eu sei!<br \/>\nHum! hum! N\u00e3o quero crer que vou<br \/>\nHum! hum! Para bem longe de voc\u00ea!<br \/>\nHum! hum! Por isso eu canto assim!<br \/>\nHum! hum! Para alegrar o adeus!<br \/>\nHum! hum! E esta amizade n\u00e3o ter fim!<br \/>\nHum! hum! A grande amizade,<br \/>\nHum! hum! Conosco se formou,<br \/>\nHum! hum! E para sempre h\u00e1 de ficar!<\/p>\n<h3>Can\u00e7\u00e3o do Cl\u00e3<\/h3>\n<p>[audio:http:\/\/old.grupoescoteirojabuti.org.br\/audio\/Cancao do cla.mp3]<br \/>\nEm uma montanha bem perto do c\u00e9u, se encontra uma lagoa azul<br \/>\ne s\u00f3 a conhecem aqueles que t\u00eam a dita de estar em meu cl\u00e3.<br \/>\nLai\u00e1 lalai\u00e1 lalai\u00e1 lalai\u00e1 &#8211; Lai\u00e1 lalai\u00e1 lalai\u00e1 lai\u00e1 lai\u00e1<br \/>\nA sede de riscos que nunca se acaba, as rochas que h\u00e1 a escalar,<br \/>\no rio tranq\u00fcilo que canta e que chora, jamais poderei olvidar.<br \/>\nLai\u00e1 lalai\u00e1 lalai\u00e1 lalai\u00e1 &#8211; Lai\u00e1 lalai\u00e1 lalai\u00e1 lai\u00e1 lai\u00e1<br \/>\nNo alto da serra, na gruta escondida, foi l\u00e1 que eu fiz o meu lar.<br \/>\nSubindo e descendo em corda ligeira, eu vi o meu cl\u00e3 acampar.<br \/>\nLai\u00e1 lalai\u00e1 lalai\u00e1 lalai\u00e1 &#8211; Lai\u00e1 lalai\u00e1 lalai\u00e1 lai\u00e1 lai\u00e1<br \/>\n\u00c0 noite, sentados ao p\u00e9 da fogueira, crepita a alma escoteira.<br \/>\nPioneiros meditam, definem a trilha e fazem a sua vig\u00edlia.<br \/>\nLai\u00e1 lalai\u00e1 lalai\u00e1 lalai\u00e1 &#8211; Lai\u00e1 lalai\u00e1 lalai\u00e1 lai\u00e1 lai\u00e1<br \/>\nO sol nos aponta um caminho de sonho e o vento nos leva a andar.<br \/>\nO brilho de vivas estrelas repetem o eco de nosso cantar.<br \/>\nLai\u00e1 lalai\u00e1 lalai\u00e1 lalai\u00e1 &#8211; Lai\u00e1 lalai\u00e1 lalai\u00e1 lai\u00e1 lai\u00e1<\/p>\n<h3>Guli Ali<\/h3>\n<p>[audio:http:\/\/old.grupoescoteirojabuti.org.br\/audio\/Guli Ali.mp3]<br \/>\nGosto das flores, at\u00e9 do malmequer.<br \/>\nGosto dos montes e de um vale qualquer.<br \/>\nGosto dos rios que cantam para mim:<br \/>\nGuli ali guli ali guli ali guli&#8230;<br \/>\nPo rom pom pom pom pom&#8230;<br \/>\nGosto dos bichos, do besouro ao elefante.<br \/>\nGosto das \u00e1rvores de copa exuberante.<br \/>\nGosto dos ventos que cantam para mim:<br \/>\nGuli ali guli ali guli ali guli&#8230;<br \/>\nPo rom pom pom pom pom&#8230;<br \/>\nGosto das coisas que Deus criou na Terra.<br \/>\nQue Ele as conserve sempre em paz, sem guerra!<br \/>\nPara que cantem esta can\u00e7\u00e3o pr\u00e1 mim:<br \/>\nGuli ali guli ali guli ali guli&#8230;<br \/>\nPo rom pom pom pom pom&#8230;<\/p>\n<h3>P\u00f5e tuas m\u00e1goas<\/h3>\n<p>[audio:http:\/\/old.grupoescoteirojabuti.org.br\/audio\/Poe tuas magoas.mp3]<br \/>\nP\u00f5e tuas m\u00e1goas no bornal e vamos rir, rir, rir.<br \/>\nPor que ligar s\u00f3 para o mal? Por que? Isto n\u00e3o resolve.<br \/>\nPara que preocupa\u00e7\u00f5es? N\u00e3o trazem solu\u00e7\u00f5es. Logo!!!<br \/>\nP\u00f5e tuas m\u00e1goas no bornal e vamos rir, rir, rir.<\/p>\n<h3>Valderi<\/h3>\n<p>[audio:http:\/\/old.grupoescoteirojabuti.org.br\/audio\/Valderi.mp3]<br \/>\nEu conhe\u00e7o um grande jogo que aqui vou ensinar.<br \/>\n\u00c9 de novos, \u00e9 de velhos, \u00e9 bem f\u00e1cil de jogar.<br \/>\nValderi, Valder\u00e1, Valderi, Valder\u00e1 h\u00e1 h\u00e1 h\u00e1 h\u00e1 h\u00e1 h\u00e1 h\u00e1 h\u00e1<br \/>\nValderi, Valder\u00e1, \u00e9 bem f\u00e1cil de jogar.<br \/>\nTem que ir por um caminho para ent\u00e3o acampar<br \/>\nE em fogueiras pela noite, vamos joviais estar<br \/>\nValderi, Valder\u00e1, Valderi, Valder\u00e1 h\u00e1 h\u00e1 h\u00e1 h\u00e1 h\u00e1 h\u00e1 h\u00e1 h\u00e1<br \/>\nValderi, Valder\u00e1, vamos joviais estar.<br \/>\nCom irm\u00e3os assim unidos, n\u00e3o se diz nunca adeus,<br \/>\nPorque sempre tem amigos sob o grande c\u00e9u de Deus.<br \/>\nValderi, Valder\u00e1, Valderi, Valder\u00e1 h\u00e1 h\u00e1 h\u00e1 h\u00e1 h\u00e1 h\u00e1 h\u00e1 h\u00e1<br \/>\nValderi, Valder\u00e1, sob o grande c\u00e9u de Deus.<\/p>\n<h3>Can\u00e7\u00e3o da Despedida<\/h3>\n<p>[audio:http:\/\/old.grupoescoteirojabuti.org.br\/audio\/Cancao da despedida.mp3]<br \/>\nPor que perder a esperan\u00e7a de nos tornar a ver?<br \/>\nPor que perder a esperan\u00e7a se h\u00e1 tanto querer?<br \/>\nN\u00e3o \u00e9 mais que um at\u00e9 logo, n\u00e3o \u00e9 mais que um breve adeus.<br \/>\nBem cedo, junto ao fogo, tornaremos a nos ver. <br \/>\nCom nossas m\u00e3os entrela\u00e7adas ao redor do calor,<br \/>\nFormemos nesta noite mais um c\u00edrculo de amor.<br \/>\nN\u00e3o \u00e9 mais que um at\u00e9 logo, n\u00e3o \u00e9 mais que um breve adeus.<br \/>\nBem cedo, junto ao fogo, tornaremos a nos ver.<br \/>\nPois o Senhor que nos protege e nos vai aben\u00e7oar,<br \/>\num dia, certamente, vai de novo nos juntar<br \/>\nN\u00e3o \u00e9 mais que um at\u00e9 logo, n\u00e3o \u00e9 mais que um breve adeus.<br \/>\nBem cedo, junto ao fogo, tornaremos a nos ver.<br \/>\nHmm, hmmmm, hmm, hmmmm, hmm, hmmmm, hmm, hmm&#8230;<br \/>\nN\u00e3o \u00e9 mais que um at\u00e9 logo, n\u00e3o \u00e9 mais que um breve adeus.<br \/>\nBem cedo, junto ao fogo, tornaremos a nos ver.<\/p>\n<h3>Brilha a Fogueira &#8211; Stodola<\/h3>\n<p>[audio:http:\/\/old.grupoescoteirojabuti.org.br\/audio\/Brilha a fogueira &#8211; Stodola.mp3]<br \/>\nBrilha a fogueira ao p\u00e9 do acampamento<br \/>\npara alegria n\u00e3o h\u00e1 melhor momento.<br \/>\nVelhos amigos n\u00e3o perdem a ocasi\u00e3o<br \/>\nde reunidos cantar uma can\u00e7\u00e3o \u2013 Ei!!!<br \/>\nStodola stodola stodola Pumpa stodola pumpa stodola pumpa<br \/>\nStodola stodola stodola Pumpa stodola pumpa pumpa pum!<br \/>\nNo acampamento que faz o escoteiro<br \/>\nmuito trabalha durante o dia inteiro,<br \/>\nmas, quando a noite j\u00e1 trouxe a escurid\u00e3o,<br \/>\nacende o fogo e canta uma can\u00e7\u00e3o \u2013 Ei!!!<br \/>\nStodola stodola stodola Pumpa stodola pumpa stodola pumpa<br \/>\nStodola stodola stodola Pumpa stodola pumpa pumpa pum!<\/p>\n<h3>Can\u00e7\u00e3o da Promessa<\/h3>\n<p>[audio:http:\/\/old.grupoescoteirojabuti.org.br\/audio\/Cancao da promessa.mp3]<br \/>\nPrometo neste dia cumprir a lei.<br \/>\nSou teu escoteiro, Senhor e rei.<br \/>\nEu te amarei pr\u00e1 sempre cada vez mais<br \/>\nSenhor minha promessa proteger\u00e1s.<br \/>\nDa f\u00e9 eu sinto orgulho, quero viver<br \/>\ntal como ensinaste, at\u00e9 morrer.<br \/>\nEu te amarei pr\u00e1 sempre cada vez mais<br \/>\nSenhor minha promessa proteger\u00e1s.<br \/>\nCom alma apaixonada, servi-la-ei.<br \/>\n\u00c0 minha p\u00e1tria amada, fiel serei.<br \/>\nEu te amarei pr\u00e1 sempre cada vez mais<br \/>\nSenhor minha promessa proteger\u00e1s.<br \/>\nPromessa que um dia fiz junto a ti,<br \/>\npara a toda vida a prometi.<br \/>\nEu te amarei pr\u00e1 sempre cada vez mais<br \/>\nSenhor minha promessa proteger\u00e1s.<\/p>\n<h3>O Esp\u00edrito de BP<\/h3>\n<p>[audio:http:\/\/old.grupoescoteirojabuti.org.br\/audio\/O espirito de BP.mp3]<br \/>\nDe BP trago o esp\u00edrito sempre na mente,<br \/>\nsempre na mente, sempre na mente.<br \/>\nDe BP trago o esp\u00edrito sempre na mente, sempre na mente estar\u00e1.<br \/>\nDe BP trago o esp\u00edrito no cora\u00e7\u00e3o,<br \/>\nno cora\u00e7\u00e3o, no cora\u00e7\u00e3o.<br \/>\nDe BP trago o esp\u00edrito no cora\u00e7\u00e3o, no cora\u00e7\u00e3o estar\u00e1.<br \/>\nDe BP trago o esp\u00edrito junto de mim,<br \/>\njunto de mim, junto de mim.<br \/>\nDe BP trago o esp\u00edrito junto de mim, junto de mim estar\u00e1.<br \/>\nDe BP trago o esp\u00edrito sempre na mente,<br \/>\nno cora\u00e7\u00e3o, junto de mim.<br \/>\nDe BP trago o esp\u00edrito sempre na mente, no cora\u00e7\u00e3o estar\u00e1.<\/p>\n<h3>Guin Gan Guli<\/h3>\n<p>[audio:http:\/\/old.grupoescoteirojabuti.org.br\/audio\/Guin gan guli.mp3]<br \/>\nTchali Guli, tchali guli, tchali guli, tchali guli.<br \/>\nUmpa umpa umpa umpa &#8230;<br \/>\nGuin Gan Guli guli guli guli u\u00e1tcha<br \/>\nGuin Gan Gu Guin Gan Gu<br \/>\nGuin Gan Guli guli guli guli u\u00e1tcha<br \/>\nGuin Gan Gu Guin Gan Gu<br \/>\nHei la \u2013 hei la Sheila \u2013 hei la Sheila \u2013 hei la \u00f4<br \/>\nHei la \u2013 hei la Sheila \u2013 hei la Sheila \u2013 hei la \u00f4<br \/>\nTchali Guli, tchali guli, tchali guli, tchali guli.<br \/>\nUmpa umpa umpa umpa &#8230;<\/p>\n<h3>A Viagem<\/h3>\n<p>[audio:http:\/\/old.grupoescoteirojabuti.org.br\/audio\/A viagem.mp3]<br \/>\nEu vim de longe pr\u00e1 encontrar o meu caminho.<br \/>\nTinha um sorriso e o sorriso ainda valia.<br \/>\nAchei dif\u00edcil a viagem at\u00e9 aqui, mas, eu cheguei, mas, eu cheguei!<br \/>\nEu vim depressa, eu n\u00e3o vim de caminh\u00e3o.<br \/>\nEu vim a jato no asfalto deste ch\u00e3o.<br \/>\nAchei dif\u00edcil a viagem at\u00e9 aqui, mas, eu cheguei, mas, eu cheguei!<br \/>\nEu vim por causa daquilo que n\u00e3o se v\u00ea.<br \/>\nVim nu, descal\u00e7o, sem dinheiro e o pior:<br \/>\nAchei dif\u00edcil a viagem at\u00e9 aqui, mas, eu cheguei, mas, eu cheguei!<br \/>\nEu tive ajuda que voc\u00ea nem acredita.<br \/>\nDeu-me a esperan\u00e7a de chegar at\u00e9 aqui.<br \/>\nVim caminhando, aqui estou, me decidi.<br \/>\nEu vou ficar&#8230; Eu vou ficar!<\/p>\n<h3>Acorda Escoteiro! Acorda!<\/h3>\n<p>[audio:http:\/\/old.grupoescoteirojabuti.org.br\/audio\/Acorda escoteiro acorda.mp3]<br \/>\nAcorda escoteiro, acorda, que o galo j\u00e1 cantou! (2 vezes)<br \/>\nCantou, cantou, cantou, cantou, cantou! (2 vezes)<br \/>\nC\u00f3 c\u00f3ri c\u00f3ri c\u00f3ri &#8211; C\u00f3 c\u00f3ri c\u00f3ri c\u00f3<br \/>\nC\u00f3 c\u00f3ri c\u00f3ri c\u00f3ri &#8211; C\u00f3 c\u00f3ri c\u00f3ri c\u00f3<br \/>\nAcorda escoteiro, acorda, que o boi j\u00e1 mugiu! (2 vezes)<br \/>\nmugiu, mugiu,mugiu,mugiu,mugiu! (2 vezes)<br \/>\nmumu mumu mumu &#8211; mumu mumu mumu!<br \/>\nC\u00f3 c\u00f3ri c\u00f3ri c\u00f3ri &#8211; C\u00f3 c\u00f3ri c\u00f3ri c\u00f3<br \/>\nAcorda escoteiro, acorda, que a ovelha j\u00e1 baliu (2 vezes)<br \/>\nbaliu, baliu, baliu, baliu, baliu, baliu (2 vezes)<br \/>\nm\u00e9m\u00e9 m\u00e9m\u00e9 m\u00e9m\u00e9 &#8211; m\u00e9m\u00e9 m\u00e9m\u00e9 m\u00e9m\u00e9<br \/>\nmumu mumu mumu &#8211; mumu mumu mumu!<br \/>\nC\u00f3 c\u00f3ri c\u00f3ri c\u00f3ri &#8211; C\u00f3 c\u00f3ri c\u00f3ri c\u00f3<br \/>\nAcorda escoteiro, acorda, que o gato j\u00e1 miou (2 vezes)<br \/>\nmiou, miou, miou, miou, miou (2 vezes)<br \/>\nmiau miau muau &#8211; miau miau miau<br \/>\nm\u00e9m\u00e9 m\u00e9m\u00e9 m\u00e9m\u00e9 &#8211; m\u00e9m\u00e9 m\u00e9m\u00e9 m\u00e9m\u00e9<br \/>\nmumu mumu mumu &#8211; mumu mumu mumu!<br \/>\nC\u00f3 c\u00f3ri c\u00f3ri c\u00f3ri &#8211; C\u00f3 c\u00f3ri c\u00f3ri c\u00f3<\/p>\n<h3>A morte de Shere-Khan<\/h3>\n<p>[audio:http:\/\/old.grupoescoteirojabuti.org.br\/audio\/A morte de shere khan.mp3]<br \/>\nA promessa de Mowgli era matar o Shere Khan,<br \/>\nPara a paz de seu povo de Akel\u00e1 e de seu cl\u00e3<br \/>\nCom Messua ele vivia e no campo pastoreava<br \/>\nSonhando acordado sua ca\u00e7a ele armava.<br \/>\nIpi ai ei! Ipi ai \u00f4 \u00f4 \u00f4!<br \/>\nA ca\u00e7ada ele armava.<br \/>\nConforme o combinado avistou o Lobo Gris<br \/>\nSentado em sua rocha por sinais ele lhe diz:<br \/>\n\u201cO tigre j\u00e1 chegou e alimentado j\u00e1 est\u00e1\u201d<br \/>\nE os lobos com Akel\u00e1 se preparam para ajudar.<br \/>\nIpi ai ei! Ipi ai \u00f4 \u00f4 \u00f4!<br \/>\nE os lobos ajudar.<br \/>\nEm Rama ele montado a ca\u00e7ada comandou<br \/>\nE o tigre trai\u00e7oeiro sob as patas terminou.<br \/>\nNa Roca do Conselho sobre a pele ele dan\u00e7ou<br \/>\nCumprindo a promessa Shere Khan ele matou!<br \/>\nIpi ai ei! Ipi ai \u00f4 \u00f4 \u00f4!<br \/>\nSobre a pele ele dan\u00e7ou.<\/p>\n<h3>Longo e o caminho<\/h3>\n<p>[audio:http:\/\/old.grupoescoteirojabuti.org.br\/audio\/Longo e o caminho.mp3]<br \/>\nLongo \u00e9 o caminho, longo, longo.<br \/>\nMas andaremos sem parar.<br \/>\nDuro \u00e9 o caminho, duro, duro.<br \/>\nCantemos para n\u00e3o cansar.<br \/>\nE adaremos horas inteiras.<br \/>\nSob o Sol quente de ver\u00e3o.<br \/>\nE pisaremos sobre a poeira.<br \/>\nQue se eleva fina do ch\u00e3o.<br \/>\nLongo \u00e9 o caminho, longo, longo.<br \/>\nMas andaremos sem parar.<br \/>\nDuro \u00e9 o caminho, duro, duro.<br \/>\nCantemos para n\u00e3o cansar.<br \/>\nE se os espinhos bordam a estrada.<br \/>\nE se o cansa\u00e7o nos ferir.<br \/>\nQue nossa voz se eleve mais forte.<br \/>\nPara mais alegria sentir.<br \/>\nLongo \u00e9 o caminho, longo, longo.<br \/>\nMas andaremos sem parar.<br \/>\nDuro \u00e9 o caminho, duro, duro.<br \/>\nCantemos para n\u00e3o cansar.<br \/>\nE a estrada \u00e9 longa imensa.<br \/>\nN\u00e3o poderemos esquecer.<br \/>\nQue ela nos leva luz e alegria.<br \/>\nVerdade ideal de BP.<br \/>\nLongo \u00e9 o caminho, longo, longo.<br \/>\nMas andaremos sem parar.<br \/>\nDuro \u00e9 o caminho, duro, duro.<br \/>\nCantemos para n\u00e3o cansar.<\/p>\n<h3>El mar estava sereno<\/h3>\n<p>[audio:http:\/\/old.grupoescoteirojabuti.org.br\/audio\/O mar estava sereno.mp3]<br \/>\nEl mar estava sereno, sereno estava el mar<br \/>\nEl mar estava sereno, sereno estava el mar.<br \/> <br \/>\nVamos ver la luna, la luna, la luna, vamos ver la luna, la luna, la luna<br \/>\nVamos ver la luna, la luna, la luna, vamos ver la luna, la luna, la luna<br \/>\n(Substituir as vogais por a, e, i, o, u)<\/p>\n<h3>Polenta<\/h3>\n<p>[audio:http:\/\/old.grupoescoteirojabuti.org.br\/audio\/Polenta.mp3]<br \/>\nQuando si [pianta] la bela polenta La bela polenta se [pianta] cossi Se [pianta] cossi Oh! Oh! Oh! Bela polenta cossi. Tcha tcha pum, tcha tcha pum, Tcha tcha pum, pum, pum, pum Quando si [cresci] la bela polenta La bela polenta se [cresci] cossi Se [pianta] cossi Se [cresci] cossi Oh! Oh! Oh! Bela polenta cossi Tcha tcha pum&#8230;. (substituir [ ] por: cresci, enfiora, taglia, moge, coze, manja, gusta)<\/p>\n<h3>Quebra c\u00f4co<\/h3>\n<p>[audio:http:\/\/old.grupoescoteirojabuti.org.br\/audio\/Quebra coco.mp3]<br \/>\nQuebra c\u00f4co, quebra c\u00f4co<br \/>\nNa ladeira do Pi\u00e1<br \/>\nEscoteiro quebra c\u00f4co<br \/>\nE depois vai trabalhar<br \/>\nAcredite se quiser,<br \/>\nEm cima daquele morro<br \/>\nVi tr\u00eas metros de ling\u00fci\u00e7a<br \/>\nCorrendo atr\u00e1s de um cachorro<br \/>\nJ\u00e1 desci o P\u00e3o de A\u00e7\u00facar<br \/>\nAgarrado num barbante<br \/>\nArrisquei a minha vida<br \/>\nMas salvei a Bandeirante<\/p>\n<h3>Jambo (21st World Scout Jamboree Theme)<\/h3>\n<p>[audio:http:\/\/old.grupoescoteirojabuti.org.br\/audio\/Jambo.mp3]<br \/>\nYou&#8217;ve got to try just a little, to make a better day<br \/>\nYou&#8217;ve got to try just a little, and your hope will find a way<br \/>\nYou&#8217;ve got to work just a little, to find the friend in you<br \/>\nAnd if you hurt just a little, maybe a friend will help you too<br \/>\nFace your doubt with unity, all the colours that you bring<br \/>\nLive each day in harmony, come and sing it<br \/>\nJambo-Hello, It\u2019s a World Scout Jamboree<br \/>\nA hundred years to date, let&#8217;s all celebrate<br \/>\nJambo-Hello, join together always be<br \/>\nOne world-One Promise<br \/>\nOne world-One Promise<br \/>\nWhy don&#8217;t we help one another, that&#8217;s what we&#8217;re here to do<br \/>\nThere\u2019s so much to learn from each other, to do the best that you can do.<br \/>\nWhy don&#8217;t we all work together, it&#8217;s a better way to live<br \/>\nAnd if we look to the future, we&#8217;ll have so much more to give<br \/>\nJoin the fun, here in the sun, it&#8217;s our centenary<br \/>\nEveryone, sing along, let the whole world hear us<br \/>\nJambo-Hello, It\u2019s a World Scout Jamboree<br \/>\nA hundred years to date, let&#8217;s all celebrate<br \/>\nJambo-Hello, join together always be<br \/>\nOne world-One Promise<br \/>\nOne world-One Promise<br \/>\nJoin-together, work-together, sing-together, (we will walk hand in.. )<br \/>\nWe\u2019ll have fun-together, friends forever, to make the world as one<br \/>\nJambo-Hello, It\u2019s a World Scout Jamboree<br \/>\nA hundred years to date, let&#8217;s all celebrate<br \/>\nJambo-Hello, join together always be<br \/>\nOne world-One Promise<br \/>\nOne world-One Promise<\/p>\n<h3>19th World Scout Jamboree Theme<\/h3>\n<p>[audio:http:\/\/old.grupoescoteirojabuti.org.br\/audio\/19 Jamboree Chile.mp3]<br \/>\nHoy, es tiempo de encuentro tiempo de crecer<br \/>\nliberando sue\u00f1os,<br \/>\nhoy se juntan deseos de sonreir<br \/>\nen un mismo juego,<br \/>\ny prodemos cantar<br \/>\nhoy en toda la tierra ha estallado la paz.<br \/>\nEs Jamboree<br \/>\nhoy es Jamboree<br \/>\nen todo el mundo es Jamboree (bis).<br \/>\nHoy, comienza una era ven a construir<br \/>\nel tercer milenio,<br \/>\nhoy, son nuestras banderas una sola voz<br \/>\nno tiene fronteras,<br \/>\ny podemos cantar hoy en toda la tierra<br \/>\nha estallado la paz.<br \/>\nEs Jamboree<br \/>\nhoy es Jamboree<br \/>\nen todo el mundo es Jamboree (bis).<br \/>\nIs Jamboree<br \/>\ntoday is Jamboree<br \/>\nall around the world is Jamboree.<br \/>\nC&#8217;est Jamboree<br \/>\nmaintenant c&#8217;est Jamboree<br \/>\na travers du Monde c&#8217;est Jamboree.<\/p>\n<h3>ARP 90 &#8211; A natureza acima de tudo<\/h3>\n[audio:http:\/\/old.grupoescoteirojabuti.org.br\/audio\/ARP 90 &#8211; A natureza acima de tudo.mp3]\n<h3>AIP 94 &#8211; Um encontro de amigos<\/h3>\n[audio:http:\/\/old.grupoescoteirojabuti.org.br\/audio\/AIP 94 &#8211; Um encontro de amigos.mp3]\n<h3>ARP 98 &#8211; Retorno a natureza<\/h3>\n[audio:http:\/\/old.grupoescoteirojabuti.org.br\/audio\/ARP 98 &#8211; Retorno a natureza.mp3]\n","protected":false},"excerpt":{"rendered":"<p>Acampei l\u00e1 na Montanha [audio:http:\/\/old.grupoescoteirojabuti.org.br\/audio\/Acampei la na montanha.mp3] Acampei l\u00e1 na montanha&#8230;De manh\u00e3 fiz meu caf\u00e9, Arrumei minha mochila e toquei pr\u00e1 frente a p\u00e9. Como \u00e9 bom viver acampando assim, vendo o sol no horizonte nascer. Vale a pena ter um grande ideal e por ele lutar e vencer. Hino Alerta &#8211; Rataplan [audio:http:\/\/old.grupoescoteirojabuti.org.br\/audio\/Hino [&hellip;]<\/p>\n","protected":false},"author":1,"featured_media":0,"parent":1217,"menu_order":1,"comment_status":"open","ping_status":"open","template":"","meta":[],"_links":{"self":[{"href":"https:\/\/old.grupoescoteirojabuti.org.br\/index.php\/wp-json\/wp\/v2\/pages\/1175"}],"collection":[{"href":"https:\/\/old.grupoescoteirojabuti.org.br\/index.php\/wp-json\/wp\/v2\/pages"}],"about":[{"href":"https:\/\/old.grupoescoteirojabuti.org.br\/index.php\/wp-json\/wp\/v2\/types\/page"}],"author":[{"embeddable":true,"href":"https:\/\/old.grupoescoteirojabuti.org.br\/index.php\/wp-json\/wp\/v2\/users\/1"}],"replies":[{"embeddable":true,"href":"https:\/\/old.grupoescoteirojabuti.org.br\/index.php\/wp-json\/wp\/v2\/comments?post=1175"}],"version-history":[{"count":29,"href":"https:\/\/old.grupoescoteirojabuti.org.br\/index.php\/wp-json\/wp\/v2\/pages\/1175\/revisions"}],"predecessor-version":[{"id":1311,"href":"https:\/\/old.grupoescoteirojabuti.org.br\/index.php\/wp-json\/wp\/v2\/pages\/1175\/revisions\/1311"}],"up":[{"embeddable":true,"href":"https:\/\/old.grupoescoteirojabuti.org.br\/index.php\/wp-json\/wp\/v2\/pages\/1217"}],"wp:attachment":[{"href":"https:\/\/old.grupoescoteirojabuti.org.br\/index.php\/wp-json\/wp\/v2\/media?parent=1175"}],"curies":[{"name":"wp","href":"https:\/\/api.w.org\/{rel}","templated":true}]}}